*d - 1541. Determine f(-4).
11
Let c(t) = -5*t**3 + 1131*t**2 + 4363*t + 396. Calculate c(230).
-1214
Let h(u) = u**3 + 43*u**2 - 22*u - 2113. What is h(-42)?
575
Let n(x) = x**2 - 32838*x + 328279. Determine n(10).
-1
Let n(p) = -5364*p - 434468. Determine n(-81).
16
Let b(z) = 53*z + 7473. Give b(-134).
371
Let m(q) = -11*q**3 + 1540*q**2 + 5*q - 750. Calculate m(140).
-50
Let x(c) = -91*c**2 + 30572*c - 29146. Give x(335).
-1
Let p(t) = 65*t**3 - 2*t**2 - 52*t - 51. Give p(-1).
-66
Let b(g) = 4*g**3 + 6*g**2 - 614*g - 1861. Calculate b(-3).
-73
Let x(z) = -z**2 + 2496*z + 37687. Give x(-15).
22
Let j(y) = 710*y - 39870. Determine j(48).
-5790
Let r(c) = -839*c + 10949. Calculate r(13).
42
Let j(i) = -6*i**2 + 21*i - 225. What is j(10)?
-615
Let z(f) = 4686*f + 18881. Determine z(-4).
137
Let v(x) = -6*x**3 + 97*x**2 - 188*x - 7. What is v(2)?
-43
Let v(b) = -874*b + 10084. Calculate v(11).
470
Let u(w) = -w**2 - 94*w - 1134. Give u(-85).
-369
Let u(i) = -195037*i + 1560294. What is u(8)?
-2
Let g(k) = 9935*k - 20. Determine g(0).
-20
Let d(j) = j**3 - 22*j**2 + 47*j - 535. Calculate d(24).
1745
Let b(y) = -y**3 - 142*y**2 - 661*y + 3282. Determine b(-137).
-6
Let y(i) = i**2 + 75*i - 5342. Give y(47).
392
Let p(w) = -21*w**3 - 31*w**2 + 550*w - 127. Give p(-6).
-7
Let a(n) = -n**3 - 214*n**2 - 445*n - 3544. Determine a(-212).
908
Let d(z) = 657*z - 4011. Give d(16).
6501
Let p(n) = n**3 - 7*n**2 - 97213*n + 777648. Determine p(8).
8
Let k(y) = -5232*y - 1705612. Determine k(-326).
20
Let u(c) = 19*c**2 + 2681*c + 15385. Give u(-6).
-17
Let s(i) = i**2 + 52009*i - 676287. What is s(13)?
-1
Let u(w) = 22*w**3 + 4*w**2 - 919*w + 2733. What is u(3)?
606
Let c(m) = -m**3 + 125*m**2 - 1211*m - 4914. Determine c(114).
-12
Let q(l) = 3429*l + 1639086. What is q(-478)?
24
Let f(j) = -j**3 - 5*j**2 + 633*j - 861. What is f(22)?
-3
Let u(w) = w**3 - 118*w**2 - 1007*w - 49. Determine u(-8).
-57
Let c(i) = -i**3 - 108*i**2 - 2871*i - 250. Determine c(-61).
-6
Let w(i) = -i**3 - 133*i**2 + 140*i + 1. What is w(1)?
7
Let o(c) = -40*c**2 + 150*c - 346. What is o(6)?
-886
Let t(s) = 112*s**2 - 552*s + 47. What is t(5)?
87
Let q(t) = 39552*t + 553717. What is q(-14)?
-11
Let t(s) = 22*s**3 - 15*s**2 + 51*s - 40. Calculate t(3).
572
Let n(l) = -138*l - 3224. Calculate n(-16).
-1016
Let t(s) = 267*s - 50742. Calculate t(188).
-546
Let j(o) = -o**2 + 160*o + 349. Calculate j(162).
25
Let a(m) = m**3 - 9*m**2 - 12*m + 91. Give a(9).
-17
Let g(u) = -u**2 + 4906*u - 3314461. Give g(809).
12
Let z(o) = 2*o**3 + 52*o**2 + 280*o + 438. Determine z(-4).
22
Let w(s) = -566*s**2 + 18*s + 22. Give w(-1).
-562
Let v(h) = -176*h - 10261. Determine v(-61).
475
Let p(z) = 2*z**2 - 27626*z + 689403. What is p(25)?
3
Let c(h) = -h**2 + 237*h - 940. What is c(239)?
-1418
Let g(h) = 56*h**2 + 779*h - 435. Give g(-14).
-365
Let m(t) = 2*t**2 + 1047*t - 6224. Determine m(6).
130
Let l(m) = 290*m**2 + 4990*m + 1023. Calculate l(-17).
3
Let m(c) = 3523*c + 45513. Give m(-13).
-286
Let v(s) = 307*s - 3931. Calculate v(15).
674
Let r(m) = 8326*m - 3396991. What is r(408)?
17
Let d(a) = -a**2 + 135*a - 1997. What is d(11)?
-633
Let f(o) = -4854*o - 23912. What is f(-5)?
358
Let x(q) = 2469*q - 37019. Calculate x(15).
16
Let j(u) = 325*u + 46165. Calculate j(-142).
15
Let l(k) = -80*k - 5236. What is l(-59)?
-516
Let v(f) = -5*f**2 - 247*f + 1573. Give v(-55).
33
Let h(v) = 5171*v + 8583853. Calculate h(-1660).
-7
Let q(z) = -z**3 - 51*z**2 + 381*z + 19639. Give q(-51).
208
Let y(l) = -3*l**3 + 63*l**2 + 27*l + 892. Give y(22).
34
Let z(c) = -145*c**2 + 96*c + 275. Give z(-3).
-1318
Let l(r) = -81836*r + 818381. Determine l(10).
21
Let r(w) = -4818*w + 563732. What is r(117)?
26
Let t(l) = -37278*l + 372747. Determine t(10).
-33
Let r(v) = 2*v**2 + 17673*v - 106106. Calculate r(6).
4
Let h(r) = 43*r - 106. Determine h(2).
-20
Let z(t) = -119*t**2 - 3808*t - 165. Determine z(-32).
-165
Let a(w) = 1217*w + 21894. Give a(-18).
-12
Let l(c) = c**3 + 2*c**2 - 43*c - 133. Calculate l(-6).
-19
Let d(s) = -239*s - 8908. Give d(-37).
-65
Let m(t) = t**3 + 34*t**2 - 166*t + 374. Calculate m(-39).
-757
Let x(u) = 81*u - 2. Give x(-1).
-83
Let p(s) = 18*s**2 - 209*s + 280. Calculate p(10).
-10
Let n(u) = -u**2 - 250*u - 7066. Determine n(-33).
95
Let p(s) = -25545*s - 1169. Calculate p(0).
-1169
Let l(s) = -402*s + 61511. Determine l(153).
5
Let z(y) = y**2 + 1865*y + 67638. Determine z(-37).
2
Let q(f) = -33*f**3 - 123*f**2 - 58*f + 3. Give q(-3).
-39
Let t(r) = -r**3 + 158*r**2 - 316*r + 24970. Calculate t(157).
7
Let z(g) = -20*g**2 - 5524*g + 11032. Give z(2).
-96
Let f(o) = 2*o**3 + 4*o**2 - 148*o - 606. Calculate f(-5).
-16
Let o(a) = 1080*a + 9806. Give o(-9).
86
Let v(m) = -659*m**2 - 814*m + 817. What is v(1)?
-656
Let k(i) = 2*i**3 - 22*i**2 - 205*i + 2978. Give k(15).
1703
Let g(n) = -3*n**2 + 1601*n - 86402. What is g(61)?
96
Let s(c) = 70*c**2 + 713*c - 772. Determine s(1).
11
Let o(y) = y**3 + 97*y**2 - 1309*y - 49. What is o(-109)?
60
Let o(y) = -98*y**2 + 7139*y + 308. What is o(73)?
-787
Let b(x) = -5039*x + 75581. Calculate b(15).
-4
Let r(x) = -4720*x + 37767. Calculate r(8).
7
Let x(m) = -333*m + 5172. Calculate x(5).
3507
Let h(a) = -2*a**3 + 311*a**2 - 190*a + 5562. Determine h(155).
137
Let h(k) = k**3 - 66*k**2 - 20*k + 1020. Give h(66).
-300
Let d(g) = -1198*g + 28039. Calculate d(26).
-3109
Let o(w) = 848*w + 816403. Determine o(-963).
-221
Let b(l) = 608231*l + 6690532. Determine b(-11).
-9
Let n(w) = 47*w**3 - 7758*w**2 + 493*w + 528. Determine n(165).
198
Let t(h) = h**2 + 96921*h + 387672. Calculate t(-4).
4
Let p(u) = -630*u - 125732. What is p(-203)?
2158
Let w(s) = 5858*s - 907979. Determine w(155).
11
Let f(b) = -5*b**3 - 32*b**2 + 108*b + 455. Determine f(-7).
-154
Let r(g) = 52*g**2 + 6492*g + 125258. What is r(-101)?
18
Let v(h) = 2*h**3 + 334*h**2 + 5329*h - 5247. Calculate v(-149).
-32
Let o(y) = 3*y**2 + 190*y - 722. Determine o(3).
-125
Let v(c) = 726*c - 53638. Determine v(74).
86
Let s(z) = 2*z**3 + 10*z**2 - 97*z - 523. Determine s(-6).
-13
Let d(m) = 4*m**2 + 1969*m - 5945. Determine d(3).
-2
Let o(c) = c**2 - 433*c + 23620. Give o(64).
4
Let t(x) = -2145*x**2 + 23620*x - 278. What is t(11)?
-3
Let s(y) = 95*y + 1806. Calculate s(-30).
-1044
Let n(i) = -34*i**2 + 2178*i - 33. Calculate n(0).
-33
Let u(v) = 399703*v + 399696. What is u(-1)?
-7
Let t(i) = -328*i**2 + 15102*i - 601. Give t(46).
43
Let t(h) = h**3 - 78*h**2 - 352*h + 458. Calculate t(82).
-1510
Let s(h) = 8765*h - 2874930. What is s(328)?
-10
Let r(l) = -2*l**3 - 7*l**2 - 19*l - 54. Give r(-3).
-6
Let u(s) = -17*s**2 - 4842*s + 1022. Give u(-285).
167
Let y(d) = -d**2 + 40*d + 10682. What is y(126)?
-154
Let c(f) = -13*f**3 + 107*f**2 + 786*f + 103. What is c(13)?
-157
Let q(n) = n**3 - 21*n**2 + 44*n - 241. Give q(8).
-721
Let i(p) = -25269*p - 454839. What is i(-18)?
3
Let w(d) = -d**3 - 12*d**2 - 315*d - 2934. Give w(-10).
16
Let h(x) = x**3 + 25*x**2 + 131*x + 173. What is h(-7)?
138
Let j(l) = -560*l**3 + 15*l**2 + 113*l + 99. Give j(-1).
561
Let f(i) = -14044*i + 505310. Give f(36).
-274
Let b(a) = -3*a**2 - 160*a - 1884. What is b(-19)?
73
Let t(c) = -c**3 - 33*c**2 + 91*c + 2354. Give t(-34).
416
Let n(m) = 60*m + 843. Calculate n(-28).
-837
Let p(h) = 13245*h + 516561. Determine p(-39).
6
Let u(f) = -40*f**2 + 1404*f + 1265. Determine u(36).
-31
Let i(v) = v**3 - 435*v**2 - 1659*v - 42565. Determine i(439).
18
Let t(l) = -l**2 - 48*l + 984. What is t(18)?
-204
Let f(w) = 3852165*w + 11556504. Determine f(-3).
9
Let j(y) = -3*y**2 + 773*y + 21221. Give j(-25).
21
Let a(m) = 47327*m - 6720454. What is a(142)?
-20
Let o(k) = -1167407*k + 10506664. Give o(9).
1
Let w(s) = -6*s**2 - 131253*s + 393790. What is w(3)?
-23
Let f(l) = l**2 - 3351*l - 26888. Calculate f(-8).
-16
Let i(d) = 373229*d - 2239373. What is i(6)?
1
Let i(t) = -t**2 - 1126*t - 30690. Give i(-28).
54
Let w(y) = 2*y**3 - 131*y**2 - 547*y - 16614. Give w(71).
0
Let v(s) = -5*s**2 + 754*s + 17073. Give v(-20).
-7
Let s(x) = 2*x**3 - x**2 - 125*x - 241. Give s(-9).
-655
Let i(k) = 671*k + 213. Give i(0).
213
Let c(g) = -g**3 + 221*g**2 - 7789*g + 24. Determine c(44).
-20
Let r(f) = f**2 - 41*f - 14598. Determine r(-10